
{"id":4124,"date":"2025-09-15T14:47:50","date_gmt":"2025-09-15T13:47:50","guid":{"rendered":"https:\/\/www.innovemployment.pt\/learn\/absentismo-laboral-nas-empresas\/"},"modified":"2025-10-24T10:46:28","modified_gmt":"2025-10-24T09:46:28","slug":"absentismo-laboral-nas-empresas","status":"publish","type":"product","link":"https:\/\/www.innovemployment.pt\/en\/learn\/absentismo-laboral-nas-empresas\/","title":{"rendered":"Workplace Absenteeism in Companies"},"content":{"rendered":"[vc_row type=&#8221;full_width_background&#8221; full_screen_row_position=&#8221;middle&#8221; column_margin=&#8221;default&#8221; column_direction=&#8221;default&#8221; column_direction_tablet=&#8221;default&#8221; column_direction_phone=&#8221;default&#8221; scene_position=&#8221;center&#8221; top_margin=&#8221;-30&#8243; text_color=&#8221;dark&#8221; text_align=&#8221;left&#8221; row_border_radius=&#8221;none&#8221; row_border_radius_applies=&#8221;bg&#8221; overflow=&#8221;visible&#8221; overlay_strength=&#8221;0.3&#8243; gradient_direction=&#8221;left_to_right&#8221; shape_divider_position=&#8221;bottom&#8221; bg_image_animation=&#8221;none&#8221; gradient_type=&#8221;default&#8221; shape_type=&#8221;&#8221;][vc_column column_padding=&#8221;no-extra-padding&#8221; column_padding_tablet=&#8221;inherit&#8221; column_padding_phone=&#8221;inherit&#8221; column_padding_position=&#8221;all&#8221; column_element_direction_desktop=&#8221;default&#8221; column_element_spacing=&#8221;default&#8221; desktop_text_alignment=&#8221;default&#8221; tablet_text_alignment=&#8221;default&#8221; phone_text_alignment=&#8221;default&#8221; background_color_opacity=&#8221;1&#8243; background_hover_color_opacity=&#8221;1&#8243; column_backdrop_filter=&#8221;none&#8221; column_shadow=&#8221;none&#8221; column_border_radius=&#8221;none&#8221; column_link_target=&#8221;_self&#8221; column_position=&#8221;default&#8221; gradient_direction=&#8221;left_to_right&#8221; overlay_strength=&#8221;0.3&#8243; width=&#8221;1\/1&#8243; tablet_width_inherit=&#8221;default&#8221; animation_type=&#8221;default&#8221; bg_image_animation=&#8221;none&#8221; border_type=&#8221;simple&#8221; column_border_width=&#8221;none&#8221; column_border_style=&#8221;solid&#8221;][tabbed_section style=&#8221;default&#8221; tab_change_animation=&#8221;fade&#8221; alignment=&#8221;center&#8221; spacing=&#8221;side-45px&#8221; tab_color=&#8221;Accent-Color&#8221; vs_content_animation=&#8221;fade&#8221; vs_link_animation=&#8221;opacity&#8221; vs_navigation_alignment=&#8221;left&#8221; vs_navigation_width_2=&#8221;25%&#8221; vs_navigation_func=&#8221;default&#8221; vs_navigation_width=&#8221;regular&#8221; vs_navigation_spacing=&#8221;15px&#8221; vs_navigation_mobile_display=&#8221;visible&#8221; vs_tab_spacing=&#8221;5%&#8221;][tab icon_family=&#8221;fontawesome&#8221; title=&#8221;TARGET AUDIENCE&#8221; id=&#8221;1757946200252-4&#8243; tab_id=&#8221;1757946200253-6&#8243; icon_fontawesome=&#8221;fa fa-users&#8221;][divider line_type=&#8221;No Line&#8221; custom_height=&#8221;20&#8243;][vc_column_text css=&#8221;&#8221; text_direction=&#8221;default&#8221;]\n<ul>\n<li>Human Resources Technicians<\/li>\n<li>Payroll Technicians<\/li>\n<li>Recruitment Technicians<\/li>\n<li>Legal Professionals<\/li>\n<li>Lawyers and Trainee Lawyers<\/li>\n<\/ul>\n[\/vc_column_text][\/tab][tab icon_family=&#8221;fontawesome&#8221; title=&#8221;OBJECTIVES&#8221; id=&#8221;1757946200278-3&#8243; tab_id=&#8221;1757946200279-6&#8243; icon_fontawesome=&#8221;fa fa-dot-circle-o&#8221;][divider line_type=&#8221;No Line&#8221; custom_height=&#8221;20&#8243;][vc_column_text css=&#8221;&#8221; text_direction=&#8221;default&#8221;]Provide participants with knowledge of Labor Law, particularly regarding the different and complex frameworks surrounding workplace absenteeism in both the public and private sectors.[\/vc_column_text][\/tab][tab icon_family=&#8221;fontawesome&#8221; title=&#8221;PROGRAM&#8221; id=&#8221;1757946200292-5&#8243; tab_id=&#8221;1757946200293-3&#8243; icon_fontawesome=&#8221;fa fa-tasks&#8221;][divider line_type=&#8221;No Line&#8221; custom_height=&#8221;20&#8243;][vc_column_text css=&#8221;&#8221; text_direction=&#8221;default&#8221;]\n<ol>\n<li>Working Time and Non-Working Time: Introductory Concepts<\/li>\n<li>Absences, Leaves, and Time Off: What They Are and What Is at Stake<\/li>\n<li>Justified and Unjustified Absenteeism: What Are the Consequences?<\/li>\n<li>Corporate Practices for Preventing and Addressing Unjustified Absenteeism<\/li>\n<\/ol>\n[\/vc_column_text][vc_column_text][\/vc_column_text][\/tab][tab icon_family=&#8221;fontawesome&#8221; title=&#8221;TRAINER&#8221; id=&#8221;1757946200322-6&#8243; tab_id=&#8221;1757946200323-9&#8243; icon_fontawesome=&#8221;fa fa-graduation-cap&#8221;][vc_row_inner equal_height=&#8221;yes&#8221; column_margin=&#8221;default&#8221; column_direction=&#8221;default&#8221; column_direction_tablet=&#8221;default&#8221; column_direction_phone=&#8221;default&#8221; text_align=&#8221;left&#8221; row_position=&#8221;default&#8221; row_position_tablet=&#8221;inherit&#8221; row_position_phone=&#8221;inherit&#8221; overflow=&#8221;visible&#8221; pointer_events=&#8221;all&#8221;][vc_column_inner column_padding=&#8221;no-extra-padding&#8221; column_padding_tablet=&#8221;inherit&#8221; column_padding_phone=&#8221;inherit&#8221; column_padding_position=&#8221;all&#8221; column_element_direction_desktop=&#8221;default&#8221; column_element_spacing=&#8221;default&#8221; desktop_text_alignment=&#8221;default&#8221; tablet_text_alignment=&#8221;default&#8221; phone_text_alignment=&#8221;default&#8221; background_color_opacity=&#8221;1&#8243; background_hover_color_opacity=&#8221;1&#8243; column_backdrop_filter=&#8221;none&#8221; column_shadow=&#8221;none&#8221; column_border_radius=&#8221;none&#8221; column_link_target=&#8221;_self&#8221; overflow=&#8221;visible&#8221; gradient_direction=&#8221;left_to_right&#8221; overlay_strength=&#8221;0.3&#8243; width=&#8221;1\/4&#8243; tablet_width_inherit=&#8221;default&#8221; animation_type=&#8221;default&#8221; bg_image_animation=&#8221;none&#8221; border_type=&#8221;simple&#8221; column_border_width=&#8221;none&#8221; column_border_style=&#8221;solid&#8221;][divider line_type=&#8221;No Line&#8221; custom_height=&#8221;60&#8243;][nectar_circle_images images=&#8221;3252&#8243; sizing=&#8221;150&#8243; positioning=&#8221;standard&#8221; alignment_desktop=&#8221;middle&#8221; alignment_tablet=&#8221;inherit&#8221; alignment_phone=&#8221;inherit&#8221; animation=&#8221;fade-in&#8221; image_size=&#8221;large&#8221; image_loading=&#8221;default&#8221;][\/vc_column_inner][vc_column_inner column_padding=&#8221;no-extra-padding&#8221; column_padding_tablet=&#8221;inherit&#8221; column_padding_phone=&#8221;inherit&#8221; column_padding_position=&#8221;all&#8221; column_element_direction_desktop=&#8221;default&#8221; column_element_spacing=&#8221;default&#8221; desktop_text_alignment=&#8221;default&#8221; tablet_text_alignment=&#8221;default&#8221; phone_text_alignment=&#8221;default&#8221; background_color_opacity=&#8221;1&#8243; background_hover_color_opacity=&#8221;1&#8243; column_backdrop_filter=&#8221;none&#8221; column_shadow=&#8221;none&#8221; column_border_radius=&#8221;none&#8221; column_link_target=&#8221;_self&#8221; overflow=&#8221;visible&#8221; gradient_direction=&#8221;left_to_right&#8221; overlay_strength=&#8221;0.3&#8243; width=&#8221;3\/4&#8243; tablet_width_inherit=&#8221;default&#8221; animation_type=&#8221;default&#8221; bg_image_animation=&#8221;none&#8221; border_type=&#8221;simple&#8221; column_border_width=&#8221;none&#8221; column_border_style=&#8221;solid&#8221;][divider line_type=&#8221;No Line&#8221; custom_height=&#8221;40&#8243;][vc_column_text css=&#8221;&#8221; text_direction=&#8221;default&#8221;]<strong>Tiago Sequeira Mousinho <\/strong><\/p>\n<p>Licenciado em Direito pela Faculdade de Direito, Universidade de Lisboa. Mestre em Direito e Ci\u00eancia Jur\u00eddica, especialidade em Direito Laboral, pela Faculdade de Direito da Universidade de Lisboa. Advogado na DCM | Littler. Investigador no Legal Place. Membro Associado Efetivo na APODIT \u2013 Associa\u00e7\u00e3o Portuguesa de Direito do Trabalho. Autor de diversos artigos na \u00e1rea de Direito do Trabalho e Direito Intelectual em Portugal, Espanha e Su\u00ed\u00e7a. Ministra forma\u00e7\u00f5es profissionais para empresas em \u00e1reas de Direito do Trabalho, Compliance organizacional, Prote\u00e7\u00e3o de Dados e Prote\u00e7\u00e3o de Informa\u00e7\u00f5es Comercialmente Sens\u00edveis. Orador Convidado em diversas confer\u00eancias em Direito do Trabalho e Direito do Desporto, Compliance e Whistleblowing em Portugal e no Brasil.[\/vc_column_text][\/vc_column_inner][\/vc_row_inner][\/tab][\/tabbed_section][\/vc_column][\/vc_row]\n","protected":false},"excerpt":{"rendered":"<p data-start=\"99\" data-end=\"487\">DATE: 08\/10\/2025 | LOCATION: Lisbon | DURATION: 6 Hours<\/p>\n<p>International companies increasingly require their managers to be responsible for employees working beyond national borders. Managers may find themselves overseeing a team of individuals based in multiple countries. Fundamental principles, such as voluntary termination, do not translate universally, and for a manager to manage effectively, they must acquire a specific set of knowledge and a broader managerial perspective.  <\/p>\n","protected":false},"featured_media":4277,"template":"","meta":[],"product_brand":[],"product_cat":[122,121],"product_tag":[130],"class_list":{"0":"post-4124","1":"product","2":"type-product","3":"status-publish","4":"has-post-thumbnail","6":"product_cat-law","7":"product_cat-training-offer","8":"product_tag-tiago-sequeira-mousinho","10":"first","11":"instock","12":"virtual","13":"taxable","14":"product-type-simple"},"_links":{"self":[{"href":"https:\/\/www.innovemployment.pt\/en\/wp-json\/wp\/v2\/product\/4124","targetHints":{"allow":["GET"]}}],"collection":[{"href":"https:\/\/www.innovemployment.pt\/en\/wp-json\/wp\/v2\/product"}],"about":[{"href":"https:\/\/www.innovemployment.pt\/en\/wp-json\/wp\/v2\/types\/product"}],"wp:featuredmedia":[{"embeddable":true,"href":"https:\/\/www.innovemployment.pt\/en\/wp-json\/wp\/v2\/media\/4277"}],"wp:attachment":[{"href":"https:\/\/www.innovemployment.pt\/en\/wp-json\/wp\/v2\/media?parent=4124"}],"wp:term":[{"taxonomy":"product_brand","embeddable":true,"href":"https:\/\/www.innovemployment.pt\/en\/wp-json\/wp\/v2\/product_brand?post=4124"},{"taxonomy":"product_cat","embeddable":true,"href":"https:\/\/www.innovemployment.pt\/en\/wp-json\/wp\/v2\/product_cat?post=4124"},{"taxonomy":"product_tag","embeddable":true,"href":"https:\/\/www.innovemployment.pt\/en\/wp-json\/wp\/v2\/product_tag?post=4124"}],"curies":[{"name":"wp","href":"https:\/\/api.w.org\/{rel}","templated":true}]}}

[vc_row type=&#8221;full_width_background&#8221; full_screen_row_position=&#8221;middle&#8221; column_margin=&#8221;default&#8221; column_direction=&#8221;default&#8221; column_direction_tablet=&#8221;default&#8221; column_direction_phone=&#8221;default&#8221; scene_position=&#8221;center&#8221; top_margin=&#8221;-30&#8243; text_color=&#8221;dark&#8221; text_align=&#8221;left&#8221; row_border_radius=&#8221;none&#8221; row_border_radius_applies=&#8221;bg&#8221; overflow=&#8221;visible&#8221; overlay_strength=&#8221;0.3&#8243; gradient_direction=&#8221;left_to_right&#8221; shape_divider_position=&#8221;bottom&#8221; bg_image_animation=&#8221;none&#8221; gradient_type=&#8221;default&#8221; shape_type=&#8221;&#8221;][vc_column column_padding=&#8221;no-extra-padding&#8221; column_padding_tablet=&#8221;inherit&#8221; column_padding_phone=&#8221;inherit&#8221; column_padding_position=&#8221;all&#8221; column_element_direction_desktop=&#8221;default&#8221; column_element_spacing=&#8221;default&#8221; desktop_text_alignment=&#8221;default&#8221; tablet_text_alignment=&#8221;default&#8221; phone_text_alignment=&#8221;default&#8221; background_color_opacity=&#8221;1&#8243; background_hover_color_opacity=&#8221;1&#8243; column_backdrop_filter=&#8221;none&#8221; column_shadow=&#8221;none&#8221; column_border_radius=&#8221;none&#8221; column_link_target=&#8221;_self&#8221; column_position=&#8221;default&#8221; gradient_direction=&#8221;left_to_right&#8221; overlay_strength=&#8221;0.3&#8243; width=&#8221;1/1&#8243; tablet_width_inherit=&#8221;default&#8221; animation_type=&#8221;default&#8221; bg_image_animation=&#8221;none&#8221; border_type=&#8221;simple&#8221; column_border_width=&#8221;none&#8221; column_border_style=&#8221;solid&#8221;][tabbed_section style=&#8221;default&#8221; tab_change_animation=&#8221;fade&#8221; alignment=&#8221;center&#8221; spacing=&#8221;side-45px&#8221; tab_color=&#8221;Accent-Color&#8221; vs_content_animation=&#8221;fade&#8221; vs_link_animation=&#8221;opacity&#8221; vs_navigation_alignment=&#8221;left&#8221; vs_navigation_width_2=&#8221;25%&#8221; vs_navigation_func=&#8221;default&#8221; vs_navigation_width=&#8221;regular&#8221; vs_navigation_spacing=&#8221;15px&#8221; vs_navigation_mobile_display=&#8221;visible&#8221; vs_tab_spacing=&#8221;5%&#8221;][tab icon_family=&#8221;fontawesome&#8221; title=&#8221;TARGET AUDIENCE&#8221; id=&#8221;1757946200252-4&#8243; tab_id=&#8221;1757946200253-6&#8243; icon_fontawesome=&#8221;fa fa-users&#8221;][divider line_type=&#8221;No Line&#8221; custom_height=&#8221;20&#8243;][vc_column_text css=&#8221;&#8221; text_direction=&#8221;default&#8221;]
<ul>
<li>Human Resources Technicians</li>
<li>Payroll Technicians</li>
<li>Recruitment Technicians</li>
<li>Legal Professionals</li>
<li>Lawyers and Trainee Lawyers</li>
</ul>
[/vc_column_text][/tab][tab icon_family=&#8221;fontawesome&#8221; title=&#8221;OBJECTIVES&#8221; id=&#8221;1757946200278-3&#8243; tab_id=&#8221;1757946200279-6&#8243; icon_fontawesome=&#8221;fa fa-dot-circle-o&#8221;][divider line_type=&#8221;No Line&#8221; custom_height=&#8221;20&#8243;][vc_column_text css=&#8221;&#8221; text_direction=&#8221;default&#8221;]Provide participants with knowledge of Labor Law, particularly regarding the different and complex frameworks surrounding workplace absenteeism in both the public and private sectors.[/vc_column_text][/tab][tab icon_family=&#8221;fontawesome&#8221; title=&#8221;PROGRAM&#8221; id=&#8221;1757946200292-5&#8243; tab_id=&#8221;1757946200293-3&#8243; icon_fontawesome=&#8221;fa fa-tasks&#8221;][divider line_type=&#8221;No Line&#8221; custom_height=&#8221;20&#8243;][vc_column_text css=&#8221;&#8221; text_direction=&#8221;default&#8221;]
<ol>
<li>Working Time and Non-Working Time: Introductory Concepts</li>
<li>Absences, Leaves, and Time Off: What They Are and What Is at Stake</li>
<li>Justified and Unjustified Absenteeism: What Are the Consequences?</li>
<li>Corporate Practices for Preventing and Addressing Unjustified Absenteeism</li>
</ol>
[/vc_column_text][vc_column_text][/vc_column_text][/tab][tab icon_family=&#8221;fontawesome&#8221; title=&#8221;TRAINER&#8221; id=&#8221;1757946200322-6&#8243; tab_id=&#8221;1757946200323-9&#8243; icon_fontawesome=&#8221;fa fa-graduation-cap&#8221;][vc_row_inner equal_height=&#8221;yes&#8221; column_margin=&#8221;default&#8221; column_direction=&#8221;default&#8221; column_direction_tablet=&#8221;default&#8221; column_direction_phone=&#8221;default&#8221; text_align=&#8221;left&#8221; row_position=&#8221;default&#8221; row_position_tablet=&#8221;inherit&#8221; row_position_phone=&#8221;inherit&#8221; overflow=&#8221;visible&#8221; pointer_events=&#8221;all&#8221;][vc_column_inner column_padding=&#8221;no-extra-padding&#8221; column_padding_tablet=&#8221;inherit&#8221; column_padding_phone=&#8221;inherit&#8221; column_padding_position=&#8221;all&#8221; column_element_direction_desktop=&#8221;default&#8221; column_element_spacing=&#8221;default&#8221; desktop_text_alignment=&#8221;default&#8221; tablet_text_alignment=&#8221;default&#8221; phone_text_alignment=&#8221;default&#8221; background_color_opacity=&#8221;1&#8243; background_hover_color_opacity=&#8221;1&#8243; column_backdrop_filter=&#8221;none&#8221; column_shadow=&#8221;none&#8221; column_border_radius=&#8221;none&#8221; column_link_target=&#8221;_self&#8221; overflow=&#8221;visible&#8221; gradient_direction=&#8221;left_to_right&#8221; overlay_strength=&#8221;0.3&#8243; width=&#8221;1/4&#8243; tablet_width_inherit=&#8221;default&#8221; animation_type=&#8221;default&#8221; bg_image_animation=&#8221;none&#8221; border_type=&#8221;simple&#8221; column_border_width=&#8221;none&#8221; column_border_style=&#8221;solid&#8221;][divider line_type=&#8221;No Line&#8221; custom_height=&#8221;60&#8243;][nectar_circle_images images=&#8221;3252&#8243; sizing=&#8221;150&#8243; positioning=&#8221;standard&#8221; alignment_desktop=&#8221;middle&#8221; alignment_tablet=&#8221;inherit&#8221; alignment_phone=&#8221;inherit&#8221; animation=&#8221;fade-in&#8221; image_size=&#8221;large&#8221; image_loading=&#8221;default&#8221;][/vc_column_inner][vc_column_inner column_padding=&#8221;no-extra-padding&#8221; column_padding_tablet=&#8221;inherit&#8221; column_padding_phone=&#8221;inherit&#8221; column_padding_position=&#8221;all&#8221; column_element_direction_desktop=&#8221;default&#8221; column_element_spacing=&#8221;default&#8221; desktop_text_alignment=&#8221;default&#8221; tablet_text_alignment=&#8221;default&#8221; phone_text_alignment=&#8221;default&#8221; background_color_opacity=&#8221;1&#8243; background_hover_color_opacity=&#8221;1&#8243; column_backdrop_filter=&#8221;none&#8221; column_shadow=&#8221;none&#8221; column_border_radius=&#8221;none&#8221; column_link_target=&#8221;_self&#8221; overflow=&#8221;visible&#8221; gradient_direction=&#8221;left_to_right&#8221; overlay_strength=&#8221;0.3&#8243; width=&#8221;3/4&#8243; tablet_width_inherit=&#8221;default&#8221; animation_type=&#8221;default&#8221; bg_image_animation=&#8221;none&#8221; border_type=&#8221;simple&#8221; column_border_width=&#8221;none&#8221; column_border_style=&#8221;solid&#8221;][divider line_type=&#8221;No Line&#8221; custom_height=&#8221;40&#8243;][vc_column_text css=&#8221;&#8221; text_direction=&#8221;default&#8221;]<strong>Tiago Sequeira Mousinho </strong></p>
<p>Licenciado em Direito pela Faculdade de Direito, Universidade de Lisboa. Mestre em Direito e Ciência Jurídica, especialidade em Direito Laboral, pela Faculdade de Direito da Universidade de Lisboa. Advogado na DCM | Littler. Investigador no Legal Place. Membro Associado Efetivo na APODIT – Associação Portuguesa de Direito do Trabalho. Autor de diversos artigos na área de Direito do Trabalho e Direito Intelectual em Portugal, Espanha e Suíça. Ministra formações profissionais para empresas em áreas de Direito do Trabalho, Compliance organizacional, Proteção de Dados e Proteção de Informações Comercialmente Sensíveis. Orador Convidado em diversas conferências em Direito do Trabalho e Direito do Desporto, Compliance e Whistleblowing em Portugal e no Brasil.[/vc_column_text][/vc_column_inner][/vc_row_inner][/tab][/tabbed_section][/vc_column][/vc_row]
